t p = 2 + 5. Let h = p - -1. What is the units digit of h?
8
Let d(u) = 3 + 0*u + 3 - 3*u + 4*u. Let q be d(6). What is the units digit of (9/q)/(1/12)?
9
Suppose 7*i = 2*i + 35. Let n(m) = -m**2 + 9*m. What is the units digit of n(i)?
4
Suppose 16 = -4*k - 0*l - 5*l, 5*k = -3*l - 20. Let f = k - -1. What is the units digit of ((-2)/(-3))/((-1)/f)?
2
Let x = 4 + -7. Let n = -2 - x. What is the units digit of n?
1
Let n = 262 - 156. What is the units digit of n?
6
Let y = -16 - -26. Suppose 3*f = -24 + 6. Let u = f + y. What is the units digit of u?
4
What is the units digit of -3 + 1/(1/4)?
1
Let u = -18 + 4. What is the units digit of u/35*1*-10?
4
Let m = 33 - 10. What is the tens digit of m?
2
Suppose 4*c = -4*v - 8, -v - 11 = -2*c + 2*v. Let l = c - -1. What is the units digit of l?
2
Let n = -9 + 13. Suppose -n = -i - 0. Suppose 3*f - 27 = -3*b, i*f - 2*f - 28 = -4*b. What is the units digit of b?
5
What is the tens digit of -3 - -6 - (-1 + 20)*-4?
7
What is the hundreds digit of ((-99)/21 - -5) + (-901)/(-7)?
1
Let c(t) = 15 - 4*t**2 - t**3 - 2*t**2 - 6 + 7*t. Let q(a) = -a**2 + 3*a + 3. Let l be q(5). What is the units digit of c(l)?
9
Suppose 3 = 4*h - 5. Suppose -a + 4 + h = 0. What is the units digit of a?
6
Let v(h) be the first derivative of -2 + 2/3*h**3 + h + 1/2*h**2. What is the tens digit of v(2)?
1
Suppose 0 = 4*r - 0*r + 8. Let x = -1 - r. What is the units digit of x?
1
Let x(l) = l**3 + 3*l**2 + 4. Let a = -2 + -7. Let b = a - -6. What is the units digit of x(b)?
4
Let u be (5 - -1) + 0 + -2. Suppose -u*g + 23 = -9. Let y = -4 + g. What is the units digit of y?
4
Let g = -12 - -40. What is the tens digit of g?
2
Let m(d) = 2*d**3 + d**2 - d - 1. Let f be m(2). Let w(u) = -u + 19. Let x be w(9). Let s = f - x. What is the units digit of s?
7
Let z = -1 - 20. Suppose 2*j + j - a = -121, -5*j - a = 207. Let k = z - j. What is the tens digit of k?
2
Suppose -6*b + 622 + 440 = 0. What is the tens digit of b?
7
What is the units digit of 6 + -3 + 1 - -17?
1
Let j be 38/6 + (-10)/(-15). Let x(p) = -p + 13. Let k be x(j). Suppose 0*i - 11 = -i - 2*q, 3*i - 3*q - k = 0. What is the units digit of i?
5
Suppose -155 = -5*s - 3*c - 54, -5*s = 2*c - 99. What is the tens digit of s?
1
Let m(k) = 15*k**3 - 2*k**2 + 2*k - 1. Let o be m(1). Let p = 2 + o. What is the units digit of p*1/(-2)*-1?
8
Suppose 0 = -4*m - 13 - 3, p = m + 95. What is the units digit of p?
1
What is the tens digit of (7/(-3))/((-32)/3552)?
5
Let d(t) = -t**3 - 2*t**2 + 2. Let y be d(-2). Suppose y*c - 3*q - 25 = -2*q, -q + 40 = 3*c. What is the tens digit of c?
1
Let y = 18 + -25. Let d be (-2)/1 - (y - -2). Suppose -40 = -8*n + d*n. What is the units digit of n?
8
Let z(n) = -5*n - n**2 + 0 - 3 + 2. Let d be z(-4). Suppose q + 2 = d*a, q - 5*a = -6 - 2. What is the units digit of q?
7
Let u be 7 + 9/(-3) - 1. Suppose u*n - 2*d + 3*d - 40 = 0, -d + 70 = 5*n. What is the tens digit of n?
1
Let y be (-1 - -1)/(24/12). Suppose 0 = -n + 3, y*p - 2*p - n = -79. What is the tens digit of p?
3
Suppose -2*j + 3*j - 3 = 0. What is the units digit of j?
3
Let k(h) = -h**2 + 9*h - 6. Suppose 4*a = 4*j + 20, 2*a + 3*j = 4*a - 10. What is the units digit of k(a)?
4
Let b = 15 + -9. Let a be -5*b - 2*1. What is the units digit of -3 - -1 - a/4?
6
Suppose 0 = -4*n + 50 + 266. What is the units digit of n?
9
Let k = -6 - -10. Let n = 6 + k. What is the tens digit of n?
1
Suppose y - 84 = -3*y. What is the tens digit of y?
2
Let q(n) = n**2 + 1. Let f be 4*7*(-15)/(-20). Suppose 4*s - 5*r = -0*r - f, 20 = 4*r. What is the units digit of q(s)?
2
Suppose -3*z + 35 = 5*s, -3*z = -4*s - 9 - 17. What is the units digit of z?
0
Let f be 4/(16/100) - -3. Let g = 47 - f. What is the units digit of g?
9
Let i be 4/5*(-3 + 8). Suppose -2*u = 2*u - i. Let v = 3 - u. What is the units digit of v?
2
Let s be 170/(-6) - 4/(-12). Let z = -66 - s. Let o = -27 - z. What is the units digit of o?
1
Suppose 0 = -4*j + 3*j + 4. Suppose -5*v + 80 = -j*g + 2*g, v = 4*g + 34. What is the tens digit of v?
1
Let f(m) = -10 - m + 6 + 3. Let x be f(-7). Let v = x - 4. What is the units digit of v?
2
Let w(o) = -2*o - 33. What is the tens digit of w(-24)?
1
Let n be (-3)/(12/(-32)*2). Suppose -5 = -0*y + y, -5*k - n*y + 90 = 0. What is the units digit of k?
2
Let q(m) = m**3 + 5. Let f be q(0). Suppose f*j = -1 + 6. What is the units digit of j?
1
Let p = -11 - -16. Suppose p*j - j = 160. What is the units digit of j?
0
Suppose 11*w - 27 = 72. Let n(t) = 0*t**2 + t**2 + 1 - 5 - 8*t. What is the units digit of n(w)?
5
Suppose 3*c - 5*c = -60. Let x = c - 3. What is the tens digit of x?
2
Let w = 51 + -30. What is the units digit of w?
1
Let l(c) = 28*c - 13. What is the tens digit of l(7)?
8
Let z(r) = r**3 - 6*r**2 + 7*r - 3. Suppose 4*j - 14 + 2 = 0, 0 = -4*d - 5*j + 35. What is the units digit of z(d)?
7
Suppose -o + 8 + 6 = 0. What is the tens digit of o?
1
Suppose -51 - 53 = -2*n. What is the tens digit of n?
5
Let j(d) = -d**2 + 5*d + 4. Suppose 5*w = 3*s + 30, 2*s = 5*s + 15. What is the tens digit of j(w)?
1
Suppose -8 = -0*z + 2*z + 2*l, 0 = 2*l + 4. Let i = 33 + z. What is the tens digit of i?
3
Let v(u) = -4*u**3 - 2*u**2 - 3*u - 1. Let x be v(-1). Suppose -216 = -x*n - 4*m - 52, 4*m - 205 = -5*n. What is the tens digit of n?
4
Let b be 5 + -4 - (-2 - 1). Suppose -4*p = -5*o + 25 - 3, 2*o = b*p + 16. Suppose 0 = -0*f - o*f + 16. What is the units digit of f?
8
Let z(g) = 10*g**2 - g - 3. What is the tens digit of z(2)?
3
Suppose b + 2*b = 0. Suppose 3*x = -b*x. Suppose 3*g - 22 - 8 = x. What is the tens digit of g?
1
Suppose -10 = 2*q - 58. What is the tens digit of q?
2
Let o = -13 - -19. Let f be 2/o + 2/(-6). Suppose f = -3*z + 7*z - 4. What is the units digit of z?
1
Let g be (-1 - -7) + (2 - 3). Suppose -2*s - 2*s = 5*d, g*d = 5*s - 45. What is the units digit of -1*(-5)/(s/8)?
8
Let p be (-1)/4*2*14. Let k(h) = 3*h**2 + 15*h - 19. Let g(x) = x**2 + 5*x - 6. Let n(r) = -11*g(r) + 4*k(r). What is the units digit of n(p)?
4
Suppose -d + 3 = -2*c, -4*c + d = 2*d - 3. Suppose -13 = -c*q + 2*q - a, 0 = 4*a - 20. What is the units digit of (q/6)/((-4)/18)?
3
Suppose 10 - 30 = 5*m - 4*l, -3*m - 5*l + 25 = 0. Suppose 3*w = -m*w - 3. What is the tens digit of 30/2 + (1 - w)?
1
What is the units digit of 1/(1/4) - -4?
8
Suppose v - 39 = -0*v. What is the units digit of v?
9
Let c(u) = u**3 - u**2 + 6*u - 6. What is the units digit of c(3)?
0
Let k be 20/((-1 + 0)/1). What is the units digit of 2/(-5) + (-408)/k?
0
Suppose 5*f = 5*n + 15, -3*n + 6 = 2*f + n. Let z(w) be the first derivative of -w**2/2 + 4*w + 11. What is the units digit of z(f)?
1
Suppose 3*f = -2*f + 30. Suppose -7*g = -4*g - f. Suppose 5*b - 83 + 13 = -g*q, 41 = b - 5*q. What is the units digit of b?
6
Suppose 5*u - 10*u = 0. Suppose 14*k - 19*k + 255 = u. What is the tens digit of k?
5
Let h = 418 - 203. What is the units digit of h?
5
Let h(q) be the second derivative of -q**3/6 + 11*q**2/2 + 3*q. Let a = 12 + -7. What is the units digit of h(a)?
6
Let y = 3 - 0. Let m(v) = -v - 8*v**2 - 5 + 2 - v**y + 4*v**2. What is the units digit of m(-4)?
1
Let b(h) = h**3 - 8*h**2 + 10*h - 6. Let i be (-6)/9 - (-20)/3. Let y be b(i). Let t = 26 + y. What is the units digit of t?
8
Let u(t) = t**2 - 4*t. Let v(s) = s + 12. Let n be v(-8). Let o be u(n). Suppose o*z - 7 = -z. What is the units digit of z?
7
What is the tens digit of 163/1 + (-4 - -7)?
6
Let r(o) be the second derivative of o**3/2 + o**2 - o. What is the units digit of r(2)?
8
Let x(q) = -q + 9. Let m be x(4). Suppose -12 = -m*o - 2*l, -6*l + l + 13 = 4*o. What is the units digit of o?
2
Let h(n) = -n**3 - 6*n**2 + 6*n - 4. Let f be h(-7). Let d(m) = 3*m**2 + 0*m**2 + f - 4*m - m**2 + 0. What is the units digit of d(3)?
9
Suppose -3*u = -5*f - 228, 0*u + 5*u = -f + 408. What is the tens digit of u?
8
Let d(f) = -7*f - 12. Let l(s) = 15*s + 25. Let o(c) = -13*d(c) - 6*l(c). What is the units digit of o(-5)?
1
Suppose 0 = 4*b - 4*i + 44, 4*b + 5*i + 9 = -17. What is the units digit of (-8)/(-2) + 27/b?
1
Let p(s) = s - 20 + 42 - 17. Let f be ((3 - 1) + 1)/(-1). What is the units digit of p(f)?
2
What is the units digit of 5/2*234/45?
3
Suppose -288 = -5*w - 23. Let f = -27 + w. W